{"id":2416,"date":"2023-09-01T15:28:58","date_gmt":"2023-09-01T13:28:58","guid":{"rendered":"https:\/\/gs-breitenhagen.de\/?page_id=2416"},"modified":"2025-10-22T08:32:34","modified_gmt":"2025-10-22T06:32:34","slug":"schulagentur-breitenhagen","status":"publish","type":"page","link":"https:\/\/gs-breitenhagen.de\/?page_id=2416","title":{"rendered":"SchulAGentur BreitenhAGen"},"content":{"rendered":"\t\t<div data-elementor-type=\"wp-page\" data-elementor-id=\"2416\" class=\"elementor elementor-2416\">\n\t\t\t\t\t\t<section class=\"elementor-section elementor-top-section elementor-element elementor-element-f010887 elementor-section-boxed elementor-section-height-default elementor-section-height-default\" data-id=\"f010887\" data-element_type=\"section\" data-e-type=\"section\">\n\t\t\t\t\t\t<div class=\"elementor-container elementor-column-gap-default\">\n\t\t\t\t\t<div class=\"elementor-column elementor-col-100 elementor-top-column elementor-element elementor-element-90adede\" data-id=\"90adede\" data-element_type=\"column\" data-e-type=\"column\">\n\t\t\t<div class=\"elementor-widget-wrap elementor-element-populated\">\n\t\t\t\t\t\t<div class=\"elementor-element elementor-element-f0b7159 elementor-widget elementor-widget-heading\" data-id=\"f0b7159\" data-element_type=\"widget\" data-e-type=\"widget\" data-widget_type=\"heading.default\">\n\t\t\t\t<div class=\"elementor-widget-container\">\n\t\t\t\t\t<h2 class=\"elementor-heading-title elementor-size-default\">SchulAGentur BreitenhAGen<\/h2>\t\t\t\t<\/div>\n\t\t\t\t<\/div>\n\t\t\t\t\t<\/div>\n\t\t<\/div>\n\t\t\t\t\t<\/div>\n\t\t<\/section>\n\t\t\t\t<section class=\"elementor-section elementor-top-section elementor-element elementor-element-833754e elementor-section-boxed elementor-section-height-default elementor-section-height-default\" data-id=\"833754e\" data-element_type=\"section\" data-e-type=\"section\">\n\t\t\t\t\t\t<div class=\"elementor-container elementor-column-gap-default\">\n\t\t\t\t\t<div class=\"elementor-column elementor-col-100 elementor-top-column elementor-element elementor-element-d3bc8c5\" data-id=\"d3bc8c5\" data-element_type=\"column\" data-e-type=\"column\">\n\t\t\t<div class=\"elementor-widget-wrap elementor-element-populated\">\n\t\t\t\t\t\t<div class=\"elementor-element elementor-element-3bd0dfc elementor-widget elementor-widget-image\" data-id=\"3bd0dfc\" data-element_type=\"widget\" data-e-type=\"widget\" data-widget_type=\"image.default\">\n\t\t\t\t<div class=\"elementor-widget-container\">\n\t\t\t\t\t\t\t\t\t\t\t\t\t\t\t\t<a href=\"mailto:schulagenturbreitenhagen@web.de\" target=\"_blank\">\n\t\t\t\t\t\t\t<img fetchpriority=\"high\" decoding=\"async\" width=\"300\" height=\"282\" src=\"https:\/\/gs-breitenhagen.de\/wp-content\/uploads\/2023\/09\/Logo-SchulAGentur-BreitenhAGen-300x282.jpg\" class=\"attachment-medium size-medium wp-image-2472\" alt=\"\" srcset=\"https:\/\/gs-breitenhagen.de\/wp-content\/uploads\/2023\/09\/Logo-SchulAGentur-BreitenhAGen-300x282.jpg 300w, https:\/\/gs-breitenhagen.de\/wp-content\/uploads\/2023\/09\/Logo-SchulAGentur-BreitenhAGen-1024x962.jpg 1024w, https:\/\/gs-breitenhagen.de\/wp-content\/uploads\/2023\/09\/Logo-SchulAGentur-BreitenhAGen-768x721.jpg 768w, https:\/\/gs-breitenhagen.de\/wp-content\/uploads\/2023\/09\/Logo-SchulAGentur-BreitenhAGen.jpg 1283w\" sizes=\"(max-width: 300px) 100vw, 300px\" \/>\t\t\t\t\t\t\t\t<\/a>\n\t\t\t\t\t\t\t\t\t\t\t\t\t\t\t<\/div>\n\t\t\t\t<\/div>\n\t\t\t\t\t<\/div>\n\t\t<\/div>\n\t\t\t\t\t<\/div>\n\t\t<\/section>\n\t\t\t\t<section class=\"elementor-section elementor-top-section elementor-element elementor-element-13e5f89 elementor-section-boxed elementor-section-height-default elementor-section-height-default\" data-id=\"13e5f89\" data-element_type=\"section\" data-e-type=\"section\">\n\t\t\t\t\t\t<div class=\"elementor-container elementor-column-gap-default\">\n\t\t\t\t\t<div class=\"elementor-column elementor-col-100 elementor-top-column elementor-element elementor-element-eba1ac1\" data-id=\"eba1ac1\" data-element_type=\"column\" data-e-type=\"column\">\n\t\t\t<div class=\"elementor-widget-wrap elementor-element-populated\">\n\t\t\t\t\t\t<div class=\"elementor-element elementor-element-3087c8f elementor-widget elementor-widget-text-editor\" data-id=\"3087c8f\" data-element_type=\"widget\" data-e-type=\"widget\" data-widget_type=\"text-editor.default\">\n\t\t\t\t<div class=\"elementor-widget-container\">\n\t\t\t\t\t\t\t\t\t<p style=\"font-variant-ligatures: normal; font-variant-caps: normal; font-family: 'Roboto Slab', sans-serif; font-size: 16px; font-style: normal; font-weight: 400;\"><span style=\"font-size: 16px; font-weight: 600;\">Wer sind wir?<\/span><\/p>\n<p style=\"font-variant-ligatures: normal; font-variant-caps: normal; font-family: 'Roboto Slab', sans-serif; font-size: 16px; font-style: normal; font-weight: 400;\">Unsere SchulAGentur Breitenhagen ist eine freiwillige AG und besteht aus zehn Kindern der beiden vierten Klassen.<br>Jede Woche stellen die Kinder liebevoll handgemachte Produkte her, die an regelm\u00e4\u00dfig stattfindenden Verkaufstagen allen Kindern der Grundschule Breitenhagen angeboten werden.<\/p>\n<p style=\"font-variant-ligatures: normal; font-variant-caps: normal; font-family: 'Roboto Slab', sans-serif; font-size: 16px; font-style: normal; font-weight: 400;\">Die SchulAGentur ist neben der Herstellung auch f\u00fcr das Organisatorische, die Beschaffung und die Kalkulation zust\u00e4ndig.<br>Gemeinsam lernen wir so schon in der vierten Klasse das Prinzip der Marktwirtschaft kennen.<\/p>\n<p style=\"font-variant-ligatures: normal; font-variant-caps: normal; font-family: 'Roboto Slab', sans-serif; font-size: 16px; font-style: normal; font-weight: 400;\"><span style=\"font-size: 16px; color: var( --e-global-color-primary ); letter-spacing: var( --e-global-typography-b2ce6af-letter-spacing ); text-transform: var( --e-global-typography-b2ce6af-text-transform ); word-spacing: var( --e-global-typography-b2ce6af-word-spacing );\">&nbsp;<\/span><\/p>\n<p style=\"font-variant-ligatures: normal; font-variant-caps: normal; font-family: 'Roboto Slab', sans-serif; font-size: 16px; font-style: normal; font-weight: 400;\"><span style=\"font-size: 16px; font-weight: 600;\">Was machen wir?<\/span><\/p>\n<p style=\"font-variant-ligatures: normal; font-variant-caps: normal; font-family: 'Roboto Slab', sans-serif; font-size: 16px; font-style: normal; font-weight: 400;\">Wir sind eine Sch\u00fclerAG mit deren Hilfe&#8230;<\/p>\n<p style=\"font-variant-ligatures: normal; font-variant-caps: normal; font-family: 'Roboto Slab', sans-serif; font-size: 16px; font-style: normal; font-weight: 400;\">&#8211; ein Schulgarten gebaut und bewirtschaftet wird.<\/p>\n<p style=\"font-variant-ligatures: normal; font-variant-caps: normal; font-family: 'Roboto Slab', sans-serif; font-size: 16px; font-style: normal; font-weight: 400;\">&#8211; wir Produkte, wie Seifen, Kerzen, Armb\u00e4nder, etc. herstellen und an die Schulgemeinschaft&nbsp;<br>&nbsp; &nbsp;verkaufen.<\/p>\n<p style=\"font-variant-ligatures: normal; font-variant-caps: normal; font-family: 'Roboto Slab', sans-serif; font-size: 16px; font-style: normal; font-weight: 400;\">&#8211; wir den Schulhof neu gestalten.<\/p>\n<p style=\"font-variant-ligatures: normal; font-variant-caps: normal; font-family: 'Roboto Slab', sans-serif; font-size: 16px; font-style: normal; font-weight: 400;\">&#8211; wir Ideen und Anregungen der Sch\u00fcler\/innen aufgreifen und versuchen umzusetzen.<\/p>\n<p style=\"font-variant-ligatures: normal; font-variant-caps: normal; font-family: 'Roboto Slab', sans-serif; font-size: 16px; font-style: normal; font-weight: 400;\"><span style=\"font-size: 16px; font-weight: bold;\">Wie kann man unsere Produkte kaufen?<\/span><\/p>\n<p style=\"font-variant-ligatures: normal; font-variant-caps: normal; font-family: 'Roboto Slab', sans-serif; font-size: 16px; font-style: normal; font-weight: 400;\"><span style=\"font-family: 'Roboto Slab', sans-serif; font-size: 16px; font-style: normal; font-variant-ligatures: normal; font-variant-caps: normal; font-weight: 400; color: var( --e-global-color-primary ); letter-spacing: var( --e-global-typography-b2ce6af-letter-spacing ); text-transform: var( --e-global-typography-b2ce6af-text-transform ); word-spacing: var( --e-global-typography-b2ce6af-word-spacing );\">In regelm\u00e4\u00dfigen Abst\u00e4nden verkaufen wir die von uns hergestellten Produkte im Rahmen eines Schulbasars in den Hofpausen.<br><\/span>Unsere Produkte k\u00f6nnen auch unter folgender E-Mailadresse:&nbsp;<br><span style=\"font-family: 'Roboto Slab', sans-serif; font-size: 16px; font-style: normal; font-variant-ligatures: normal; font-variant-caps: normal; font-weight: 400; color: var( --e-global-color-primary ); letter-spacing: var( --e-global-typography-b2ce6af-letter-spacing ); text-transform: var( --e-global-typography-b2ce6af-text-transform ); word-spacing: var( --e-global-typography-b2ce6af-word-spacing );\">schulagenturbreitenhagen@web.de <br>erworben werden.<\/span><\/p>\n<p style=\"font-variant-ligatures: normal; font-variant-caps: normal; font-family: 'Roboto Slab', sans-serif; font-size: 16px; font-style: normal;\"><span style=\"font-family: 'Roboto Slab', sans-serif; font-size: 16px; font-style: normal; font-variant-ligatures: normal; font-variant-caps: normal; font-weight: bold;\">Ansprechpartnerinnen:<\/span><\/p>\n<p style=\"font-variant-ligatures: normal; font-variant-caps: normal; font-family: 'Roboto Slab', sans-serif; font-size: 16px; font-style: normal;\"><span style=\"font-family: 'Roboto Slab', sans-serif; font-size: 16px; font-style: normal; font-variant-ligatures: normal; font-variant-caps: normal; font-weight: bold;\">F<\/span><span style=\"font-family: 'Roboto Slab', sans-serif; font-size: 16px; font-style: normal; font-variant-ligatures: normal; font-variant-caps: normal;\">rau Katitas (Kerngruppe)<br>Frau Ma<\/span><\/p>\t\t\t\t\t\t\t\t<\/div>\n\t\t\t\t<\/div>\n\t\t\t\t\t<\/div>\n\t\t<\/div>\n\t\t\t\t\t<\/div>\n\t\t<\/section>\n\t\t\t\t<section class=\"elementor-section elementor-top-section elementor-element elementor-element-a4c36b4 elementor-section-boxed elementor-section-height-default elementor-section-height-default\" data-id=\"a4c36b4\" data-element_type=\"section\" data-e-type=\"section\">\n\t\t\t\t\t\t<div class=\"elementor-container elementor-column-gap-default\">\n\t\t\t\t\t<div class=\"elementor-column elementor-col-100 elementor-top-column elementor-element elementor-element-f4a0057\" data-id=\"f4a0057\" data-element_type=\"column\" data-e-type=\"column\">\n\t\t\t<div class=\"elementor-widget-wrap elementor-element-populated\">\n\t\t\t\t\t\t<div class=\"elementor-element elementor-element-da73a51 elementor-align-center elementor-widget elementor-widget-button\" data-id=\"da73a51\" data-element_type=\"widget\" data-e-type=\"widget\" data-widget_type=\"button.default\">\n\t\t\t\t<div class=\"elementor-widget-container\">\n\t\t\t\t\t\t\t\t\t<div class=\"elementor-button-wrapper\">\n\t\t\t\t\t<a class=\"elementor-button elementor-button-link elementor-size-md\" href=\"https:\/\/gs-breitenhagen.de\/?page_id=2498\">\n\t\t\t\t\t\t<span class=\"elementor-button-content-wrapper\">\n\t\t\t\t\t\t\t\t\t<span class=\"elementor-button-text\">Hier gehts zu unseren Produkten!<\/span>\n\t\t\t\t\t<\/span>\n\t\t\t\t\t<\/a>\n\t\t\t\t<\/div>\n\t\t\t\t\t\t\t\t<\/div>\n\t\t\t\t<\/div>\n\t\t\t\t\t<\/div>\n\t\t<\/div>\n\t\t\t\t\t<\/div>\n\t\t<\/section>\n\t\t\t\t<section class=\"elementor-section elementor-top-section elementor-element elementor-element-2e60f92 elementor-section-boxed elementor-section-height-default elementor-section-height-default\" data-id=\"2e60f92\" data-element_type=\"section\" data-e-type=\"section\">\n\t\t\t\t\t\t<div class=\"elementor-container elementor-column-gap-default\">\n\t\t\t\t\t<div class=\"elementor-column elementor-col-50 elementor-top-column elementor-element elementor-element-5ef1bdd\" data-id=\"5ef1bdd\" data-element_type=\"column\" data-e-type=\"column\">\n\t\t\t<div class=\"elementor-widget-wrap elementor-element-populated\">\n\t\t\t\t\t\t<div class=\"elementor-element elementor-element-3d22319 elementor-widget elementor-widget-image\" data-id=\"3d22319\" data-element_type=\"widget\" data-e-type=\"widget\" data-widget_type=\"image.default\">\n\t\t\t\t<div class=\"elementor-widget-container\">\n\t\t\t\t\t\t\t\t\t\t\t\t\t\t\t<img decoding=\"async\" width=\"1024\" height=\"769\" src=\"https:\/\/gs-breitenhagen.de\/wp-content\/uploads\/2024\/12\/WhatsApp-Image-2024-12-10-at-13.48.04-1024x769.jpeg\" class=\"attachment-large size-large wp-image-3101\" alt=\"\" srcset=\"https:\/\/gs-breitenhagen.de\/wp-content\/uploads\/2024\/12\/WhatsApp-Image-2024-12-10-at-13.48.04-1024x769.jpeg 1024w, https:\/\/gs-breitenhagen.de\/wp-content\/uploads\/2024\/12\/WhatsApp-Image-2024-12-10-at-13.48.04-300x225.jpeg 300w, https:\/\/gs-breitenhagen.de\/wp-content\/uploads\/2024\/12\/WhatsApp-Image-2024-12-10-at-13.48.04-768x576.jpeg 768w, https:\/\/gs-breitenhagen.de\/wp-content\/uploads\/2024\/12\/WhatsApp-Image-2024-12-10-at-13.48.04-1536x1153.jpeg 1536w, https:\/\/gs-breitenhagen.de\/wp-content\/uploads\/2024\/12\/WhatsApp-Image-2024-12-10-at-13.48.04.jpeg 2048w\" sizes=\"(max-width: 1024px) 100vw, 1024px\" \/>\t\t\t\t\t\t\t\t\t\t\t\t\t\t\t<\/div>\n\t\t\t\t<\/div>\n\t\t\t\t\t<\/div>\n\t\t<\/div>\n\t\t\t\t<div class=\"elementor-column elementor-col-50 elementor-top-column elementor-element elementor-element-05bbafc\" data-id=\"05bbafc\" data-element_type=\"column\" data-e-type=\"column\">\n\t\t\t<div class=\"elementor-widget-wrap elementor-element-populated\">\n\t\t\t\t\t\t<div class=\"elementor-element elementor-element-257a167 elementor-widget elementor-widget-image\" data-id=\"257a167\" data-element_type=\"widget\" data-e-type=\"widget\" data-widget_type=\"image.default\">\n\t\t\t\t<div class=\"elementor-widget-container\">\n\t\t\t\t\t\t\t\t\t\t\t\t\t\t\t<img decoding=\"async\" width=\"1024\" height=\"769\" src=\"https:\/\/gs-breitenhagen.de\/wp-content\/uploads\/2024\/12\/WhatsApp-Image-2024-12-10-at-13.48.04-1-1024x769.jpeg\" class=\"attachment-large size-large wp-image-3100\" alt=\"\" srcset=\"https:\/\/gs-breitenhagen.de\/wp-content\/uploads\/2024\/12\/WhatsApp-Image-2024-12-10-at-13.48.04-1-1024x769.jpeg 1024w, https:\/\/gs-breitenhagen.de\/wp-content\/uploads\/2024\/12\/WhatsApp-Image-2024-12-10-at-13.48.04-1-300x225.jpeg 300w, https:\/\/gs-breitenhagen.de\/wp-content\/uploads\/2024\/12\/WhatsApp-Image-2024-12-10-at-13.48.04-1-768x576.jpeg 768w, https:\/\/gs-breitenhagen.de\/wp-content\/uploads\/2024\/12\/WhatsApp-Image-2024-12-10-at-13.48.04-1-1536x1153.jpeg 1536w, https:\/\/gs-breitenhagen.de\/wp-content\/uploads\/2024\/12\/WhatsApp-Image-2024-12-10-at-13.48.04-1.jpeg 2048w\" sizes=\"(max-width: 1024px) 100vw, 1024px\" \/>\t\t\t\t\t\t\t\t\t\t\t\t\t\t\t<\/div>\n\t\t\t\t<\/div>\n\t\t\t\t\t<\/div>\n\t\t<\/div>\n\t\t\t\t\t<\/div>\n\t\t<\/section>\n\t\t\t\t<section class=\"elementor-section elementor-top-section elementor-element elementor-element-d577012 elementor-section-boxed elementor-section-height-default elementor-section-height-default\" data-id=\"d577012\" data-element_type=\"section\" data-e-type=\"section\">\n\t\t\t\t\t\t<div class=\"elementor-container elementor-column-gap-default\">\n\t\t\t\t\t<div class=\"elementor-column elementor-col-50 elementor-top-column elementor-element elementor-element-000be6e\" data-id=\"000be6e\" data-element_type=\"column\" data-e-type=\"column\">\n\t\t\t<div class=\"elementor-widget-wrap elementor-element-populated\">\n\t\t\t\t\t\t<div class=\"elementor-element elementor-element-3ec4c30 elementor-widget elementor-widget-image\" data-id=\"3ec4c30\" data-element_type=\"widget\" data-e-type=\"widget\" data-widget_type=\"image.default\">\n\t\t\t\t<div class=\"elementor-widget-container\">\n\t\t\t\t\t\t\t\t\t\t\t\t\t\t\t<img loading=\"lazy\" decoding=\"async\" width=\"1024\" height=\"769\" src=\"https:\/\/gs-breitenhagen.de\/wp-content\/uploads\/2024\/12\/WhatsApp-Image-2024-12-10-at-13.48.04-2-1024x769.jpeg\" class=\"attachment-large size-large wp-image-3099\" alt=\"\" srcset=\"https:\/\/gs-breitenhagen.de\/wp-content\/uploads\/2024\/12\/WhatsApp-Image-2024-12-10-at-13.48.04-2-1024x769.jpeg 1024w, https:\/\/gs-breitenhagen.de\/wp-content\/uploads\/2024\/12\/WhatsApp-Image-2024-12-10-at-13.48.04-2-300x225.jpeg 300w, https:\/\/gs-breitenhagen.de\/wp-content\/uploads\/2024\/12\/WhatsApp-Image-2024-12-10-at-13.48.04-2-768x576.jpeg 768w, https:\/\/gs-breitenhagen.de\/wp-content\/uploads\/2024\/12\/WhatsApp-Image-2024-12-10-at-13.48.04-2-1536x1153.jpeg 1536w, https:\/\/gs-breitenhagen.de\/wp-content\/uploads\/2024\/12\/WhatsApp-Image-2024-12-10-at-13.48.04-2.jpeg 2048w\" sizes=\"(max-width: 1024px) 100vw, 1024px\" \/>\t\t\t\t\t\t\t\t\t\t\t\t\t\t\t<\/div>\n\t\t\t\t<\/div>\n\t\t\t\t\t<\/div>\n\t\t<\/div>\n\t\t\t\t<div class=\"elementor-column elementor-col-50 elementor-top-column elementor-element elementor-element-d790481\" data-id=\"d790481\" data-element_type=\"column\" data-e-type=\"column\">\n\t\t\t<div class=\"elementor-widget-wrap elementor-element-populated\">\n\t\t\t\t\t\t<div class=\"elementor-element elementor-element-da82a6c elementor-widget elementor-widget-image\" data-id=\"da82a6c\" data-element_type=\"widget\" data-e-type=\"widget\" data-widget_type=\"image.default\">\n\t\t\t\t<div class=\"elementor-widget-container\">\n\t\t\t\t\t\t\t\t\t\t\t\t\t\t\t<img loading=\"lazy\" decoding=\"async\" width=\"1024\" height=\"769\" src=\"https:\/\/gs-breitenhagen.de\/wp-content\/uploads\/2024\/12\/WhatsApp-Image-2024-12-10-at-13.48.04-3-1024x769.jpeg\" class=\"attachment-large size-large wp-image-3098\" alt=\"\" srcset=\"https:\/\/gs-breitenhagen.de\/wp-content\/uploads\/2024\/12\/WhatsApp-Image-2024-12-10-at-13.48.04-3-1024x769.jpeg 1024w, https:\/\/gs-breitenhagen.de\/wp-content\/uploads\/2024\/12\/WhatsApp-Image-2024-12-10-at-13.48.04-3-300x225.jpeg 300w, https:\/\/gs-breitenhagen.de\/wp-content\/uploads\/2024\/12\/WhatsApp-Image-2024-12-10-at-13.48.04-3-768x576.jpeg 768w, https:\/\/gs-breitenhagen.de\/wp-content\/uploads\/2024\/12\/WhatsApp-Image-2024-12-10-at-13.48.04-3-1536x1153.jpeg 1536w, https:\/\/gs-breitenhagen.de\/wp-content\/uploads\/2024\/12\/WhatsApp-Image-2024-12-10-at-13.48.04-3.jpeg 2048w\" sizes=\"(max-width: 1024px) 100vw, 1024px\" \/>\t\t\t\t\t\t\t\t\t\t\t\t\t\t\t<\/div>\n\t\t\t\t<\/div>\n\t\t\t\t\t<\/div>\n\t\t<\/div>\n\t\t\t\t\t<\/div>\n\t\t<\/section>\n\t\t\t\t<\/div>\n\t\t","protected":false},"excerpt":{"rendered":"<p>SchulAGentur BreitenhAGen Wer sind wir? Unsere SchulAGentur Breitenhagen ist eine freiwillige AG und besteht aus zehn Kindern der beiden vierten Klassen.Jede Woche stellen die Kinder liebevoll handgemachte Produkte her, die an regelm\u00e4\u00dfig stattfindenden Verkaufstagen allen Kindern der Grundschule Breitenhagen angeboten werden. Die SchulAGentur ist neben der Herstellung auch f\u00fcr das Organisatorische, die Beschaffung und die [&hellip;]<\/p>\n","protected":false},"author":3,"featured_media":0,"parent":0,"menu_order":0,"comment_status":"closed","ping_status":"closed","template":"","meta":{"footnotes":""},"class_list":["post-2416","page","type-page","status-publish","hentry","entry"],"_links":{"self":[{"href":"https:\/\/gs-breitenhagen.de\/index.php?rest_route=\/wp\/v2\/pages\/2416","targetHints":{"allow":["GET"]}}],"collection":[{"href":"https:\/\/gs-breitenhagen.de\/index.php?rest_route=\/wp\/v2\/pages"}],"about":[{"href":"https:\/\/gs-breitenhagen.de\/index.php?rest_route=\/wp\/v2\/types\/page"}],"author":[{"embeddable":true,"href":"https:\/\/gs-breitenhagen.de\/index.php?rest_route=\/wp\/v2\/users\/3"}],"replies":[{"embeddable":true,"href":"https:\/\/gs-breitenhagen.de\/index.php?rest_route=%2Fwp%2Fv2%2Fcomments&post=2416"}],"version-history":[{"count":37,"href":"https:\/\/gs-breitenhagen.de\/index.php?rest_route=\/wp\/v2\/pages\/2416\/revisions"}],"predecessor-version":[{"id":3238,"href":"https:\/\/gs-breitenhagen.de\/index.php?rest_route=\/wp\/v2\/pages\/2416\/revisions\/3238"}],"wp:attachment":[{"href":"https:\/\/gs-breitenhagen.de\/index.php?rest_route=%2Fwp%2Fv2%2Fmedia&parent=2416"}],"curies":[{"name":"wp","href":"https:\/\/api.w.org\/{rel}","templated":true}]}}