{"id":1079,"date":"2023-01-08T23:16:55","date_gmt":"2023-01-08T22:16:55","guid":{"rendered":"https:\/\/gs-breitenhagen.de\/?page_id=1079"},"modified":"2023-08-14T12:51:00","modified_gmt":"2023-08-14T10:51:00","slug":"schuleingangsphase","status":"publish","type":"page","link":"https:\/\/gs-breitenhagen.de\/?page_id=1079","title":{"rendered":"Schuleingangsphase"},"content":{"rendered":"\n<h1 class=\"wp-block-heading\">Schuleingangsphase<\/h1>\n\n\n\n<p><\/p>\n\n\n\n<div class=\"wp-block-columns is-layout-flex wp-container-core-columns-is-layout-9d6595d7 wp-block-columns-is-layout-flex\">\n<div class=\"wp-block-column is-layout-flow wp-block-column-is-layout-flow\">\n<figure class=\"wp-block-gallery has-nested-images columns-default is-cropped wp-block-gallery-1 is-layout-flex wp-block-gallery-is-layout-flex\">\n<figure class=\"wp-block-image size-large\"><img fetchpriority=\"high\" decoding=\"async\" width=\"1024\" height=\"768\" data-id=\"2367\" src=\"https:\/\/gs-breitenhagen.de\/wp-content\/uploads\/2023\/08\/6068e557-cd3b-4880-8286-f87d0587f36e-1024x768.jpeg\" alt=\"\" class=\"wp-image-2367\" srcset=\"https:\/\/gs-breitenhagen.de\/wp-content\/uploads\/2023\/08\/6068e557-cd3b-4880-8286-f87d0587f36e-1024x768.jpeg 1024w, https:\/\/gs-breitenhagen.de\/wp-content\/uploads\/2023\/08\/6068e557-cd3b-4880-8286-f87d0587f36e-300x225.jpeg 300w, https:\/\/gs-breitenhagen.de\/wp-content\/uploads\/2023\/08\/6068e557-cd3b-4880-8286-f87d0587f36e-768x576.jpeg 768w, https:\/\/gs-breitenhagen.de\/wp-content\/uploads\/2023\/08\/6068e557-cd3b-4880-8286-f87d0587f36e-1536x1152.jpeg 1536w, https:\/\/gs-breitenhagen.de\/wp-content\/uploads\/2023\/08\/6068e557-cd3b-4880-8286-f87d0587f36e.jpeg 2048w\" sizes=\"(max-width: 1024px) 100vw, 1024px\" \/><\/figure>\n<\/figure>\n<\/div>\n\n\n\n<div class=\"wp-block-column is-layout-flow wp-block-column-is-layout-flow\">\n<p>Die Schuleingangsphase wird laut Konferenzbeschluss aus dem Jahr 2006 an der Grundschule Breitenhagen mit jahrgangsbezogenen Klassen (normale Regelklassen \u2013 erstes und zweites Schuljahr getrennt) gef\u00fchrt. Am Anfang des Schuljahres werden alle schulpflichtigen Kinder, die schulf\u00e4hig sind, in ein erstes Schuljahr aufgenommen und steigen ohne Versetzung am Ende des Schuljahres in ein zweites Schuljahr auf. In den zwei ersten Schuljahren gibt es f\u00fcr die Kinder die M\u00f6glichkeit einer unterschiedlichen Verweildauer:<\/p>\n\n\n\n<p>Die meisten Kinder verbleiben zwei Jahre in der Schuleingangsphase, d.h. sie durchlaufen ein normales erstes und zweites Schuljahr.<\/p>\n\n\n\n<p>Die langsam lernenden Kinder k\u00f6nnen je nach Lernfortschritt drei Jahre in der Eingangsphase verbleiben. Fr\u00fchestens zum zweiten Halbjahr des zweiten Schulbesuchsjahres kann die Versetzungskonferenz nach Beratungsgespr\u00e4chen mit den Eltern diese Entscheidung treffen.<\/p>\n\n\n\n<p>Sehr schnell lernende Kinder k\u00f6nnen die beiden ersten Schuljahre in einem Jahr durchlaufen. Diese M\u00f6glichkeit kann flexibel gestaltet werden, denn diese Kinder erhalten in ihrem Klassenverband schon die M\u00f6glichkeit, am Stoff der n\u00e4chsth\u00f6heren Klasse zu arbeiten. Sollte das Kind in allen Bereichen \u00fcberdurchschnittliche Leistungen zeigen, dann wird auch die M\u00f6glichkeit eines Wechsels in die h\u00f6here Klasse \u00fcberlegt.<\/p>\n<\/div>\n<\/div>\n\n\n\n<p><\/p>\n\n\n\n<h1 class=\"wp-block-heading\">Leitmotiv der jahrgangsbezogenen Schuleingangsphase:<\/h1>\n\n\n\n<h5 class=\"wp-block-heading\">Alle Kinder lernen gemeinsam in einer vertrauten Lerngruppe nach ihrem individuellen Tempo!<\/h5>\n\n\n\n<p>Wir verfolgen folgende Ziele:<\/p>\n\n\n\n<ul class=\"wp-block-list\">\n<li>Weiterentwicklung des differenzierten Unterrichts und der individuellen F\u00f6rderung der Kinder auf Grundlage einer F\u00f6rderdiagnostik<\/li>\n\n\n\n<li>Umgestaltung des Unterrichts mit dem Ziel die individuelle F\u00f6rderung und die Selbstst\u00e4ndigkeit der Kinder f\u00fcr ihr eigenes Lernen noch weiter zu verbessern.<\/li>\n\n\n\n<li>Erfahrungen und Vorwissen der Kinder nutzen, indem die Kinder st\u00e4rker ihre individuellen F\u00e4higkeiten einbringen und entsprechend ihres Tempos weiterentwickeln k\u00f6nnen.<\/li>\n\n\n\n<li>Nutzung des Anregungspotenzials, das in den Gruppen steckt. Gerade die weniger schulf\u00e4higen Kinder k\u00f6nnen von diesen Anregungen profitieren.<\/li>\n\n\n\n<li>Verst\u00e4rkung des sozialen Lernens durch die Weiterentwicklung des gemeinsamen Lernens<\/li>\n\n\n\n<li>Systematische Weiterentwicklung des Helfer- und Expertensystems<\/li>\n\n\n\n<li>Entwicklung offenen und gebundenen Unterrichts Verk\u00fcrzung der Schulzeiten f\u00fcr sehr schnelle Lerner<\/li>\n\n\n\n<li>Weiterentwicklung der Teamarbeit unter den Kolleginnen<\/li>\n\n\n\n<li>F\u00f6rderung in der Schuleingangsphase durch unsere Sozialp\u00e4dagogin (z.B. Motorik, Wahrnehmung, Konzentration und Mengenerfassung).<\/li>\n<\/ul>\n\n\n\n<p>Die Kinder k\u00f6nnen im Klassenverband (idealerweise bei Doppelbesetzung) in kleinen Gruppen oder in Einzelf\u00f6rderung mehrfach in der Woche ihre F\u00e4higkeiten, Fertigkeiten und Kompetenzen erweitern. Grundlage f\u00fcr die Schwerpunktsetzung und Dauer der<\/p>\n\n\n\n<p>F\u00f6rderma\u00dfnahme als auch die Gruppenzusammensetzung ist eine eingehende Diagnose, die in Zusammenarbeit zwischen Sonderp\u00e4dagogin und Klassenlehrerinnen bis zu den Herbstferien erfolgt.<\/p>\n\n\n\n<p>Um unsere Ziele erreichen zu k\u00f6nnen nimmt das Kollegium an der Fortbildungsreihe: Systemische Unterrichtsentwicklung teil. Nach der ersten Fortbildungswoche im Schuljahr 2013\/ 14, geht es in diesem Schuljahr darum die entwickelten Lernspiralen zu optimieren und zu implementieren.<\/p>\n","protected":false},"excerpt":{"rendered":"<p>Schuleingangsphase Die Schuleingangsphase wird laut Konferenzbeschluss aus dem Jahr 2006 an der Grundschule Breitenhagen mit jahrgangsbezogenen Klassen (normale Regelklassen \u2013 erstes und zweites Schuljahr getrennt) gef\u00fchrt. Am Anfang des Schuljahres werden alle schulpflichtigen Kinder, die schulf\u00e4hig sind, in ein erstes Schuljahr aufgenommen und steigen ohne Versetzung am Ende des Schuljahres in ein zweites Schuljahr auf. [&hellip;]<\/p>\n","protected":false},"author":1,"featured_media":0,"parent":0,"menu_order":0,"comment_status":"closed","ping_status":"closed","template":"","meta":{"footnotes":""},"class_list":["post-1079","page","type-page","status-publish","hentry","entry"],"_links":{"self":[{"href":"https:\/\/gs-breitenhagen.de\/index.php?rest_route=\/wp\/v2\/pages\/1079","targetHints":{"allow":["GET"]}}],"collection":[{"href":"https:\/\/gs-breitenhagen.de\/index.php?rest_route=\/wp\/v2\/pages"}],"about":[{"href":"https:\/\/gs-breitenhagen.de\/index.php?rest_route=\/wp\/v2\/types\/page"}],"author":[{"embeddable":true,"href":"https:\/\/gs-breitenhagen.de\/index.php?rest_route=\/wp\/v2\/users\/1"}],"replies":[{"embeddable":true,"href":"https:\/\/gs-breitenhagen.de\/index.php?rest_route=%2Fwp%2Fv2%2Fcomments&post=1079"}],"version-history":[{"count":59,"href":"https:\/\/gs-breitenhagen.de\/index.php?rest_route=\/wp\/v2\/pages\/1079\/revisions"}],"predecessor-version":[{"id":2381,"href":"https:\/\/gs-breitenhagen.de\/index.php?rest_route=\/wp\/v2\/pages\/1079\/revisions\/2381"}],"wp:attachment":[{"href":"https:\/\/gs-breitenhagen.de\/index.php?rest_route=%2Fwp%2Fv2%2Fmedia&parent=1079"}],"curies":[{"name":"wp","href":"https:\/\/api.w.org\/{rel}","templated":true}]}}

<h1 class="wp-block-heading">Schuleingangsphase</h1>



<p></p>



<div class="wp-block-columns is-layout-flex wp-container-core-columns-is-layout-9d6595d7 wp-block-columns-is-layout-flex">
<div class="wp-block-column is-layout-flow wp-block-column-is-layout-flow">
<figure class="wp-block-gallery has-nested-images columns-default is-cropped wp-block-gallery-1 is-layout-flex wp-block-gallery-is-layout-flex">
<figure class="wp-block-image size-large"><img fetchpriority="high" decoding="async" width="1024" height="768" data-id="2367" src="https://gs-breitenhagen.de/wp-content/uploads/2023/08/6068e557-cd3b-4880-8286-f87d0587f36e-1024x768.jpeg" alt="" class="wp-image-2367" srcset="https://gs-breitenhagen.de/wp-content/uploads/2023/08/6068e557-cd3b-4880-8286-f87d0587f36e-1024x768.jpeg 1024w, https://gs-breitenhagen.de/wp-content/uploads/2023/08/6068e557-cd3b-4880-8286-f87d0587f36e-300x225.jpeg 300w, https://gs-breitenhagen.de/wp-content/uploads/2023/08/6068e557-cd3b-4880-8286-f87d0587f36e-768x576.jpeg 768w, https://gs-breitenhagen.de/wp-content/uploads/2023/08/6068e557-cd3b-4880-8286-f87d0587f36e-1536x1152.jpeg 1536w, https://gs-breitenhagen.de/wp-content/uploads/2023/08/6068e557-cd3b-4880-8286-f87d0587f36e.jpeg 2048w" sizes="(max-width: 1024px) 100vw, 1024px" /></figure>
</figure>
</div>



<div class="wp-block-column is-layout-flow wp-block-column-is-layout-flow">
<p>Die Schuleingangsphase wird laut Konferenzbeschluss aus dem Jahr 2006 an der Grundschule Breitenhagen mit jahrgangsbezogenen Klassen (normale Regelklassen – erstes und zweites Schuljahr getrennt) geführt. Am Anfang des Schuljahres werden alle schulpflichtigen Kinder, die schulfähig sind, in ein erstes Schuljahr aufgenommen und steigen ohne Versetzung am Ende des Schuljahres in ein zweites Schuljahr auf. In den zwei ersten Schuljahren gibt es für die Kinder die Möglichkeit einer unterschiedlichen Verweildauer:</p>



<p>Die meisten Kinder verbleiben zwei Jahre in der Schuleingangsphase, d.h. sie durchlaufen ein normales erstes und zweites Schuljahr.</p>



<p>Die langsam lernenden Kinder können je nach Lernfortschritt drei Jahre in der Eingangsphase verbleiben. Frühestens zum zweiten Halbjahr des zweiten Schulbesuchsjahres kann die Versetzungskonferenz nach Beratungsgesprächen mit den Eltern diese Entscheidung treffen.</p>



<p>Sehr schnell lernende Kinder können die beiden ersten Schuljahre in einem Jahr durchlaufen. Diese Möglichkeit kann flexibel gestaltet werden, denn diese Kinder erhalten in ihrem Klassenverband schon die Möglichkeit, am Stoff der nächsthöheren Klasse zu arbeiten. Sollte das Kind in allen Bereichen überdurchschnittliche Leistungen zeigen, dann wird auch die Möglichkeit eines Wechsels in die höhere Klasse überlegt.</p>
</div>
</div>



<p></p>



<h1 class="wp-block-heading">Leitmotiv der jahrgangsbezogenen Schuleingangsphase:</h1>



<h5 class="wp-block-heading">Alle Kinder lernen gemeinsam in einer vertrauten Lerngruppe nach ihrem individuellen Tempo!</h5>



<p>Wir verfolgen folgende Ziele:</p>



<ul class="wp-block-list">
<li>Weiterentwicklung des differenzierten Unterrichts und der individuellen Förderung der Kinder auf Grundlage einer Förderdiagnostik</li>



<li>Umgestaltung des Unterrichts mit dem Ziel die individuelle Förderung und die Selbstständigkeit der Kinder für ihr eigenes Lernen noch weiter zu verbessern.</li>



<li>Erfahrungen und Vorwissen der Kinder nutzen, indem die Kinder stärker ihre individuellen Fähigkeiten einbringen und entsprechend ihres Tempos weiterentwickeln können.</li>



<li>Nutzung des Anregungspotenzials, das in den Gruppen steckt. Gerade die weniger schulfähigen Kinder können von diesen Anregungen profitieren.</li>



<li>Verstärkung des sozialen Lernens durch die Weiterentwicklung des gemeinsamen Lernens</li>



<li>Systematische Weiterentwicklung des Helfer- und Expertensystems</li>



<li>Entwicklung offenen und gebundenen Unterrichts Verkürzung der Schulzeiten für sehr schnelle Lerner</li>



<li>Weiterentwicklung der Teamarbeit unter den Kolleginnen</li>



<li>Förderung in der Schuleingangsphase durch unsere Sozialpädagogin (z.B. Motorik, Wahrnehmung, Konzentration und Mengenerfassung).</li>
</ul>



<p>Die Kinder können im Klassenverband (idealerweise bei Doppelbesetzung) in kleinen Gruppen oder in Einzelförderung mehrfach in der Woche ihre Fähigkeiten, Fertigkeiten und Kompetenzen erweitern. Grundlage für die Schwerpunktsetzung und Dauer der</p>



<p>Fördermaßnahme als auch die Gruppenzusammensetzung ist eine eingehende Diagnose, die in Zusammenarbeit zwischen Sonderpädagogin und Klassenlehrerinnen bis zu den Herbstferien erfolgt.</p>



<p>Um unsere Ziele erreichen zu können nimmt das Kollegium an der Fortbildungsreihe: Systemische Unterrichtsentwicklung teil. Nach der ersten Fortbildungswoche im Schuljahr 2013/ 14, geht es in diesem Schuljahr darum die entwickelten Lernspiralen zu optimieren und zu implementieren.</p>

<p>Schuleingangsphase Die Schuleingangsphase wird laut Konferenzbeschluss aus dem Jahr 2006 an der Grundschule Breitenhagen mit jahrgangsbezogenen Klassen (normale Regelklassen – erstes und zweites Schuljahr getrennt) geführt. Am Anfang des Schuljahres werden alle schulpflichtigen Kinder, die schulfähig sind, in ein erstes Schuljahr aufgenommen und steigen ohne Versetzung am Ende des Schuljahres in ein zweites Schuljahr auf. [&hellip;]</p>
